0 = -f + 2*a + 3, n*f - 4*a = -0*f + 1. Let u(v) = -v**3 - 4*v**2 + 5*v + 5. Give u(f).
5
Let v(k) be the first derivative of k**3/3 + 3*k**2 - 3*k + 31. Determine v(-7).
4
Suppose -4*t = 5*h - 11 + 3, -5*t - 3*h = -10. Let f(g) = 5*g**2 - 3*g + 2. Let z(i) = -i**2 + i - 1. Let u(l) = -f(l) - 3*z(l). Give u(t).
-7
Let p(w) be the second derivative of w**5/20 + 7*w**4/12 + 5*w**3/6 + 3*w**2/2 + 7*w. Determine p(-6).
9
Suppose 4*h + 2*g = -6, -3*h + h - 9 = -5*g. Let v(b) = 5*b. Determine v(h).
-10
Let h(s) = 2*s**2 - 5*s - 3. Let x be (-4)/3*6 - 2. Let y = x + 20. Suppose 0 = -5*g - 4*b + 3*b + 22, 0 = -4*g + 3*b + y. What is h(g)?
9
Let m(j) = j**2 - j - 2. Let f = -8 + 3. Let h = -5 - f. Give m(h).
-2
Let w(r) = 4*r + 4 - 1 - 2. Let q(u) be the first derivative of -u**2/2 + u + 4. Let h be q(2). What is w(h)?
-3
Let z(t) = -t**2 - 2*t + 2. Let o(f) = -1 + 1 + 1 - f. Let w(r) = 5*o(r) - 2*z(r). Let c(a) = -a - 4. Let n be c(-6). Give w(n).
7
Let j(f) = -f**3 + 4*f**2 + 8*f - 8. Let u be j(5). Let y(d) = -d - 2. Give y(u).
-9
Let o(u) = 2*u - 1. Suppose 3*c = -0*y + y + 21, 0 = -3*y. Let s be (-4)/(-14) + 12/c. What is o(s)?
3
Let a(q) be the third derivative of q**6/120 - q**4/8 + q**3/2 + 16*q**2. Let y(n) = -n**3 - 4*n**2 + 6*n + 7. Let z be y(-5). Calculate a(z).
5
Let h(v) = v**2 - 3 - v**2 + v**2 + 2*v. Suppose o + 42 = 4*s, 0 = -3*o - s - 3*s - 46. Let l = -25 - o. What is h(l)?
0
Let p(t) = -4*t**3 - 13*t**2 - 13*t + 3. Let h(a) = 2*a**3 + 6*a**2 + 6*a - 1. Let n(d) = 5*h(d) + 2*p(d). Give n(-3).
-29
Let t(l) = 2*l + l + 0 + 5*l**2 + 1 - 2*l**2. Give t(-2).
7
Let q(m) = -m**3 + 2*m**2 + m + 8. Let k(h) = -2*h**3 + 3*h**2 + 2*h + 9. Let y(o) = 2*k(o) - 3*q(o). Let b(z) be the first derivative of y(z). Give b(-1).
-2
Let h(b) be the first derivative of b**5/20 + b**4/3 - b**3/3 - b**2 - 3*b - 2. Let t(g) be the first derivative of h(g). Let j = 11 - 15. Determine t(j).
6
Let k(r) = -6*r**2 + 2*r - 8. Let l(m) = m**2 + 1. Let p(a) = a**2 + 4*a - 7. Let n be p(-5). Let s = -3 + n. Let c(v) = s*l(v) - k(v). Determine c(3).
6
Let w(a) = -a**3 + a**2 - 1. Let j(g) = -6*g**2 + 6*g + 4. Let b(l) = -j(l) - w(l). Suppose 0 = 2*m - 0*m - 5*h - 3, 0 = -5*m - 2*h - 36. Determine b(m).
-3
Let o(x) = -x. Suppose -4*f + 12 + 19 = -d, -4*f = 4*d - 36. Let v be (1/(-2))/((-4)/f). Suppose 2*j + 1 + v = 0. Determine o(j).
1
Suppose -4 = -13*g + 12*g. Let j be 1/(-1*1) - -4. Let z(f) = -8*f + j*f - g*f + 0*f. Determine z(1).
-9
Let d(h) be the third derivative of h**5/60 - 3*h**4/8 + 4*h**3/3 - 8*h**2. Calculate d(8).
0
Let l(g) be the second derivative of 0*g**2 - 1/4*g**4 + 0 - g - 1/3*g**3 - 1/20*g**5. Suppose 2*v = -2*i + 2, 0 = i + 2*v - 4. Give l(i).
0
Let v(a) be the third derivative of -a**5/60 - a**4/8 + 5*a**3/6 + a**2. Let s be -6 + 0 - 18/(-9). Give v(s).
1
Let l(j) = -3*j**2 + 2*j. Let i(p) = p**2 + p. Let z(g) = -i(g) - l(g). Determine z(3).
9
Let c(d) be the first derivative of d**2 + 3*d - 24. What is c(0)?
3
Let x(y) = y**2 - 2*y + 2. Let n be (-2)/(-8) - (-14)/8. Suppose n + 1 = i. Suppose i*a - 15 = -2*a. What is x(a)?
5
Let c(m) = 1. Let s(r) = -r**2 - 8*r + 2. Let d(f) = -4*c(f) + s(f). Let j = -211 + 205. Calculate d(j).
10
Let p = 18 - 13. Let b(s) = -s**3 + 8*s**2 + 4*s + 1. Let u(m) = 2*m**3 - 17*m**2 - 8*m - 3. Let n(t) = -9*b(t) - 4*u(t). Give n(p).
8
Let i = 6 - 3. Let h(r) = -4*r + 0*r - 1 + r**2 - 1 + r**i + r. Give h(-3).
-11
Let m be ((-12)/5 - -2)*-40. Let a(w) = 39*w - 20*w - m*w + 8. Give a(-6).
-10
Let i be (-24)/(-5) - 1/(-5). Suppose -4*j + 3*s + 3 = 2, 0 = i*s - 5. Let l(p) = -6*p - 1. Give l(j).
-7
Let y(r) = r**2 + 7*r + 3. Let h be y(-6). Let q(z) = z. Give q(h).
-3
Let p(g) = g**3 + 5*g**2 + 4. Let x(u) be the third derivative of -u**6/120 + u**5/15 + 5*u**4/24 - 5*u**3/6 - 3*u**2. Let j be x(5). Calculate p(j).
4
Let w(o) be the third derivative of o**4/24 + o**3 - 2*o**2 + 8. Determine w(0).
6
Suppose -3*o + 17 = -5*l + 65, l + 3*o = 6. Suppose -3*g - 15 = 5*d - d, 3*d + l = 0. Let c(w) = w**2 + 3*w + 1. Calculate c(g).
-1
Let y = 4 + -4. Let c(d) = -d + y*d**3 - d + d**3 + d + 8. What is c(0)?
8
Let d(k) = -k**2 + k - 5. Let r(x) = -7*x - x**3 + 0*x**2 - 4 + 26*x - 14*x + 3*x**2. Let a be r(4). Give d(a).
-5
Let m(c) = -1 - 2*c - 2*c + 9*c. What is m(1)?
4
Let l(y) = -y**2 + y + 5. Let k be l(0). Let p(x) be the third derivative of -x**4/24 + x**3/3 - 16*x**2. What is p(k)?
-3
Let s(h) = -1 - 3 + 8*h - h**2 - 1 + 7. What is s(8)?
2
Let f(l) = -2*l**3 + l**2 - l + 5. Let n(p) = 2*p**3 - p**2 + p - 6. Let h(c) = 5*f(c) + 4*n(c). Determine h(2).
-13
Let r(n) = n**2 + 2*n - 2. Let v(t) = -t**2 + 3*t + 8. Let b be v(5). Calculate r(b).
-2
Let r be ((-4)/(-3))/(-1*(-10)/15). Let i(p) = -p**2 - 2*p - 1. Calculate i(r).
-9
Let v(j) = j**2 + 1. Let n(k) = 9*k**2 - 17*k + 18. Let u(f) = 13*f**2 - 26*f + 27. Let l(z) = -8*n(z) + 5*u(z). Let h(m) = l(m) + 6*v(m). Calculate h(5).
2
Let u(n) = -n**2 - 2. Suppose 5*z = d + 4, -4*d - 1 = -2*z - 3. Suppose -l + 2*l - v - 3 = 0, -l + z = v. Suppose -l*o = o. Determine u(o).
-2
Let z(d) = -2*d + 0 - 3 + 5 + 2. Give z(10).
-16
Let x be -2 + 2 + 3 - -1. Suppose -2*r + x = 2. Let n(s) = -6*s**3 + s**2 + s - 1. Give n(r).
-5
Let r = -1 - -2. Let n(k) = k**2 + 4*k + 5. Let c(m) = -3*m**2 - 11*m - 14. Let o(b) = -4*c(b) - 11*n(b). Determine o(r).
2
Let y(f) = -3 - f**2 + 3*f + f**2 - f**2. Let o = 11 + -9. Let t(n) = 2*n**2 - 3*n + 2. Let m be t(o). Determine y(m).
-7
Let a(j) be the first derivative of 7*j**4/4 - j**2/2 - j + 2. Let o = -9 - -14. Let y = o - 6. Give a(y).
-7
Let q(g) = -2*g - 1. Let o be (96/(-112))/((-1)/7). Calculate q(o).
-13
Let l(d) = d**3 - 2*d**2 - 6*d + 2. Let o be l(4). Let m = o - 5. Let k(j) = -j**3 + 5*j**2 - j + 5. Determine k(m).
0
Suppose -2*i - k - 4*k = -34, 0 = -5*i - 3*k + 47. Let c(j) = j**2 - 8*j + 1. What is c(i)?
-6
Suppose d - 9 - 12 = 3*r, r - 5*d + 21 = 0. Let a be r/(-4)*(-12)/18. Let l(n) be the third derivative of 7*n**6/120 + n**3/6 - n**2. Give l(a).
-6
Let r(t) = -6*t**3 + 1. Let i(d) = 6*d**3 + d**2 - d - 1. Suppose 4*o - 25 = -3*p, -5*p + 2*o + 5 = -2. Let g(y) = p*r(y) + 2*i(y). Determine g(1).
-5
Let n(m) = 3*m**2 - 6*m - 4*m**2 + 0*m + 6. Calculate n(-6).
6
Let k = -5 + 6. Let w(p) = 0*p + 2 + k - 2*p + p. Let a(s) = -s. Let i(c) = 2*a(c) - w(c). Calculate i(-6).
3
Let i(j) = -5 - 21*j + 0 + 22*j. Give i(-6).
-11
Let g(d) = d**3 + 2*d**2 - d + 1. Suppose 2*w + 5*q + 6 = 0, 2*q - 11 = -3*w + 2. Suppose -20 = -l + 5*l + 2*t, -t - w = l. What is g(l)?
-5
Let k(v) = -v**3 + 8*v**2 - 6*v - 3. Let w(g) = g**3 + 4*g**2 - 1. Let y be w(-2). Calculate k(y).
4
Let a(f) = -f**2 - 6*f - 5. Let b be (3/(-6))/((-1)/(-10)). Give a(b).
0
Let o be 5/2*(-36)/30. Let b(d) = d**3 - d**2 + 3*d - 5. Let w(v) = v**2 - 1. Let q(x) = o*w(x) + b(x). Let i be -2*(-1)/(-4)*-6. What is q(i)?
-2
Let c(z) = -z**2 + 2*z + 1. Suppose -9 = 3*u - 6*u. Let j(n) = -n**3 + 2*n**2 + 4*n - 1. Let r be j(u). What is c(r)?
1
Suppose -4*z = -3*l + 42, -16 = 3*z - 5*l + 21. Let p be (-58)/(-18) - (-2)/z. Let f(o) = o + 3*o**2 + 1 - p*o + 1 - 2*o**3. What is f(2)?
-6
Let n(r) be the third derivative of -r**5/60 - r**4/3 - r**3/3 + 6*r**2. Let h(z) be the first derivative of n(z). Give h(-6).
4
Let p(r) = 7 + 7*r - 14 - r**2 + r**3 - 5*r**2. What is p(5)?
3
Suppose -5*l = 20, -5*t + 3*l = -t - 20. Let u(p) = -2*p. Determine u(t).
-4
Let p(i) = 2*i**3 + 2*i**3 - 3*i**2 + 1 - 3*i**2 - 3*i**3 + 4*i. Calculate p(4).
-15
Suppose -1 = -h - 2*q, -2 = -3*h - 2*q + 1. Let f(d) = 3*d**2 + 2*d - 1. What is f(h)?
4
Let z(i) be the second derivative of 1/6*i**3 + 2*i + 0 - 1/3*i**4 - 1/20*i**5 + i**2. Let c(b) = b - 1. Let p be c(-3). Determine z(p).
-2
Let j(b) be the first derivative of b**4/12 + b**3/6 - 7*b**2/2 + b - 2. Let u(f) be the first derivative of j(f). Calculate u(0).
-7
Let h(f) = 3*f + 10. Let u be h(-4). Let p(g) = -g**3 - 2*g**2 - 4*g - 2. Give p(u).
6
Let u(j) be the second derivative of j**4/12 + j**3/6 + j**2 - 19*j. What is u(-2)?
4
Let g = 3 - 5. Let r(h) = 2*h**3 + h**2 - 4*h - 3. Determine r(g).
-7
Let t(u) = 2*u**2 - 2*u. Let w(x) = x**2 - 1. Let g(a) = -t(a) + 3*w(a). Let p = -4 + 1. Give g(p).
0
Let y(f) = -5*f**2 + f - 3. Let r(w) = -6*w**2 + w - 3. Let m(p)